Let p = -254 - -242. What is the units digit of ((-10)/8)/((7/p)/7)?
5
Let f(q) = 9*q + 2. Let w = 10 + 4. Let z be f(w). Let b = z + -51. What is the tens digit of b?
7
Let q(m) = m**3 - 19*m**2 - 8*m - 5. Let p be q(13). Let t = p + 1909. Suppose 11*o - 8*o - t = 0. What is the units digit of o?
2
Suppose -111*l + 110*l - p + 5861 = 0, 23465 = 4*l + p. What is the hundreds digit of l?
8
Let v(y) = 417*y**2 + 88*y + 740. What is the units digit of v(-8)?
4
Let i be 18*(-1 - 5)*49/(-42). Let m = 79 + i. What is the hundreds digit of m?
2
Suppose 3*m - 40 = -5*o, m = 5*o - 0*m - 20. Suppose 0 = -5*j - n - 4*n + 310, 4*j - 244 = -o*n. Suppose j = 5*x - 2*x. What is the tens digit of x?
2
Suppose -303*m = -316*m + 234169. What is the thousands digit of m?
8
Let t(j) = j + 16. Let f be t(-7). Suppose -4*z + 50 = -f*z. What is the tens digit of -2*5/(z/77)?
7
Let p = 2471 - -15097. What is the hundreds digit of p?
5
Let u(g) = -9*g - 64. Let o be u(-8). What is the tens digit of 97*(o + (-8 - -6))?
8
Let y = 69450 + -25932. What is the tens digit of y?
1
Let v(l) = 2*l**2 - 16*l. Let w be v(7). What is the hundreds digit of (0 + -6)*(427/w - -9)?
1
Let b(k) = 4*k**2 + 85*k - 2724. What is the tens digit of b(56)?
8
Suppose -16*x + 2*n - 326818 = -21*x, x + 4*n = 65378. What is the thousands digit of x?
5
Suppose 26*y + 237347 = 798453. What is the units digit of y?
1
Suppose 237*n - 1209261 = 106*n. What is the hundreds digit of n?
2
Suppose 65*w - 171587 = 36478. What is the thousands digit of w?
3
Let t be (-4)/(-1)*(-78)/(-24). Let z(n) = 4*n**2 + 27*n + 5. Let u(p) = -p**2 - p. Let j(l) = 5*u(l) + z(l). What is the hundreds digit of j(t)?
1
Let y be (14 - 7 - -693)*2/2. Suppose -6*u + 2*u + y = -5*s, 2*u - 2*s = 352. What is the units digit of u?
0
Suppose 2*o + 17055 - 79064 = -5*x, 2*x + 61960 = 2*o. What is the thousands digit of o?
0
Suppose 0 = -26*q - 5802 + 27750 + 7692. What is the units digit of q?
0
Let b = -33 - -47. Suppose -3*r - 2*g = b, -5*r = -g + 4*g + 23. Let k(j) = 2*j**2 + 4*j + 12. What is the tens digit of k(r)?
2
Let a(k) = 23*k**2 - 69*k - 400. What is the tens digit of a(29)?
4
Suppose 0 = -0*m + m - 33. Let n = m + -33. Suppose n*o + 5*o - 330 = 0. What is the units digit of o?
6
Suppose -144*m + 6956 + 8521 = -143*m. What is the hundreds digit of m?
4
Suppose -432 = -5*q - 4*r + 2363, 5*q - 2*r - 2765 = 0. Suppose 5*x = 2*a + 1401, q = 3*x - x + a. Let i = -146 + x. What is the tens digit of i?
3
Let z be 1 - 2 - (0 + (-2 - -7)). What is the units digit of 105/z*2*1/(-1)?
5
Suppose 5*w - 3*i = 1822, 3*i - 273 = -w + 77. Let k = 591 - w. What is the units digit of k?
9
Suppose -5*x + 41 + 29 = 0. Suppose x + 28 = 7*c. What is the units digit of 83 - (-9)/c*2?
6
Let h = 302 - 274. Suppose 0 = -h*j + 26*j - 3*o + 601, -5*j + o = -1494. What is the units digit of j?
9
Suppose 640*m - 634*m - 18 = 0. Suppose 0 = -2*d - m*g + 1506, -3445 - 354 = -5*d + g. What is the units digit of d?
9
Let g(t) = t**3 - 106*t**2 + 100*t + 534. What is the units digit of g(105)?
9
Suppose -5*c + 30 = -0. Let f be (-37)/(-7) + -1 + c/(-21). Let t(h) = 6*h**2 + 9*h + 1. What is the tens digit of t(f)?
3
Suppose 3*m - 3*i = 588, 992 = 2*m + 3*m - 2*i. Let h = m - 193. What is the units digit of h?
7
Suppose 2532*m = 2545*m - 133016. What is the hundreds digit of m?
2
Let p(b) = -35*b**2 + 180*b - 8. Let n(y) = 23*y**2 - 121*y + 5. Let g(a) = -7*n(a) - 5*p(a). What is the hundreds digit of g(11)?
1
Suppose 5*q - 103 = -4*p, -4*p + 54 + 46 = 4*q. Suppose p = 6*u - 14. What is the tens digit of 3 - (-70 - u/2)?
7
Let z = 402 + -396. Suppose -z*f + 2050 = -626. What is the tens digit of f?
4
Let p = 128985 + -73738. What is the units digit of p?
7
Let p = 18063 + -11546. What is the hundreds digit of p?
5
Suppose -3*g + 2126 = 740. Suppose 120 = 3*h - 2*h + c, 4*h - 2*c = g. What is the tens digit of h*(0 - (-4)/12)?
3
Let h be 6/69 - 31928/46. Let a = h - -1280. What is the hundreds digit of a?
5
Suppose -26*l = -45895 - 5559. What is the thousands digit of l?
1
Let q = 134 - 69. Let h = 71 - q. Let j = h - -39. What is the units digit of j?
5
Let n(f) = 3*f**2 + 56*f + 33. Let v(p) = -p - 1. Let a be (-1 - -7)*2/((-48)/(-20)). Let o(d) = a*v(d) + n(d). What is the units digit of o(-20)?
8
Let m(b) = b - 1. Let n(h) = 4*h**2 + 2*h - 3. Let v(a) = -6*m(a) + 3*n(a). What is the tens digit of v(2)?
4
Let j = -116 + 280. What is the units digit of (-7166)/8*-1 + 41/j?
6
Let o(k) = 2603*k - 15219. What is the ten thousands digit of o(15)?
2
Suppose -3*z = -3*o - 100287, 4*o + 100028 + 265 = 3*z. What is the thousands digit of z?
3
Suppose 7*q = -3*z + 18, 28*z - 31*z = 5*q - 18. Suppose -t + 230 = -1. Suppose -t - 591 = -z*b. What is the hundreds digit of b?
1
What is the thousands digit of (-465900)/120*8/(-5)?
6
Suppose -10*g + 208 = -2*g. Suppose -1612 = 22*p - g*p. What is the hundreds digit of p?
4
What is the hundreds digit of 31704*(15 + 826/(-56))?
9
Suppose 3*y - 2394 - 372 = 0. Let s = -449 + y. What is the hundreds digit of s?
4
Let g(v) = 2*v + 2. Let i be g(2). Suppose 146 = 4*u - i*u. Let w = 108 + u. What is the tens digit of w?
3
Let i be (-2)/(((-114)/(-12060))/(-19)). Suppose 0 = 31*g - 27*g - i. What is the thousands digit of g?
1
Suppose 8*k + 10 = 42. Suppose -6*l + 2*c = -k*l - 632, 2*l - 627 = -3*c. What is the hundreds digit of l?
3
Let h(j) = -2148*j - 101. What is the units digit of h(-3)?
3
Suppose 186*t - 194*t + 6256 = 0. Let x = -77 + t. What is the tens digit of x?
0
Let i(g) = -g**2 - 13*g - 9. Suppose 3*y - j = j - 114, 5*y + 194 = 2*j. Let m be 410/y - (-1)/4. What is the units digit of i(m)?
1
Let v = -673 + 725. Suppose 17*d + 14490 = v*d. What is the units digit of d?
4
Let m(l) = -67*l - 3. Let b be m(4). Let p = 552 + b. Suppose 2*x + 1 = p. What is the tens digit of x?
4
Let m be 111/18*-4*3. Let z be 9/(-27) - (m/6 + 0). Suppose 14*s = z*s + 76. What is the tens digit of s?
3
Let k be (14 - 2)*492/16. Suppose -73*y - k = -76*y. What is the hundreds digit of y?
1
Suppose -21*i = -8*i. Suppose i*b - b = -2*k - 861, 3*b - 4*k - 2581 = 0. What is the units digit of b?
9
Let l(a) = 32*a + 2. Let n be 14/(-12) + 23/138. Let k be l(n). What is the tens digit of ((-288)/(-60))/(-1 - 39/k)?
1
Let y be (-68)/(-2)*6/12*-31. Let n = y - -773. What is the hundreds digit of n?
2
Let c(r) be the third derivative of 2*r**5/15 + r**4/12 + 8*r**3/3 + 95*r**2. What is the tens digit of c(-8)?
1
Let f(o) = o**2 - 32*o + 12. Let d(n) = -n**2 + 33*n - 11. Let s be 32/16 + (-1 - 6). Let k(q) = s*d(q) - 6*f(q). What is the units digit of k(20)?
3
Suppose -12*x = -64 - 896. What is the tens digit of (-5)/(x/(-6332)) - (-1)/4?
9
Let y(k) = -k**3 - 8*k**2 - 4*k - 6. Suppose 0 = -4*s + 76 - 28. Let u(d) = -d + 4. Let n be u(s). What is the units digit of y(n)?
6
Let v(o) = 9*o**3 - 6*o**2 - 4*o - 44. Let a(h) = -16*h**3 + 12*h**2 + 7*h + 89. Let w(g) = -4*a(g) - 7*v(g). What is the hundreds digit of w(10)?
3
Let u = 2 + 0. Let g(t) = 15*t**3 - 2*t + 1. Let n be g(u). Suppose -2*b - k = b - 66, 5*b - n = -4*k. What is the units digit of b?
1
Let o = 2 + 2. Suppose 4*b + 1033 = o*d + 3*b, 4*b - 512 = -2*d. What is the units digit of d?
8
Let o(d) = -6*d**2 + 146*d + 3 + d**3 - 156*d - 1. Let f be o(8). Suppose -5*v - 3*u + 480 = 0, f = v + 3*u - 46. What is the tens digit of v?
9
Let q(f) = f**3 + 28*f**2 + f + 31. Let p be q(-28). Suppose u - 2*y = 3*u - 208, -4*y = p*u - 316. What is the units digit of u?
0
Let x be (-660)/6*(-18)/(-6). What is the units digit of (-2)/(-7) - x*15/70?
1
Let a(k) = -10*k**2 - 6 + k**3 + 4*k + 0*k**3 + 5*k**2 + 0*k. Let v be a(4). What is the units digit of (-52)/(-6) - (-4)/v?
8
Suppose 0*w + 2*x = w + 7, 5*w - 4*x + 11 = 0. Let y(d) = 946*d**2 - 6*d + 5. What is the units digit of y(w)?
5
Suppose n - 8*o + 4*o - 20 = 0, -o = 4*n + 5. Suppose -2*j = 3 + 1. What is the units digit of (-135)/(-3) + j - (-2 - n)?
5
Suppose -2*o - 281*g + 279*g + 8728 = 0, o = -4*g + 4364. What is the hundreds digit of o?
3
Suppose 0*j - 4*j + 11*j = 0. Suppose j = -12*v + 761 - 257. What is the tens digit of v?
4
Let z(t) = -t**2 - 29*t - 66. Suppose -19 + 95 = -4*n. What is the tens digit of z(n)?
2
Suppose -4*b + 19890 